 66668191?
1
What is the hundred thousands digit of 793228451?
2
What is the hundred thousands digit of 56408226?
4
What is the ten thousands digit of 2356633051?
3
What is the hundred thousands digit of 335906500?
9
What is the hundred thousands digit of 46956157?
9
What is the ten thousands digit of 92468077?
6
What is the millions digit of 175331367?
5
What is the hundred thousands digit of 1889584382?
5
What is the billions digit of 6438975207?
6
What is the hundreds digit of 43036697?
6
What is the hundred millions digit of 397478725?
3
What is the tens digit of 1056645730?
3
What is the ten thousands digit of 7356978691?
7
What is the ten thousands digit of 680033039?
3
What is the tens digit of 5822067472?
7
What is the units digit of 54783971?
1
What is the millions digit of 487856264?
7
What is the ten millions digit of 74197216?
7
What is the millions digit of 491086563?
1
What is the hundreds digit of 50427149?
1
What is the thousands digit of 65756328?
6
What is the hundreds digit of 635612019?
0
What is the ten millions digit of 136884636?
3
What is the millions digit of 898871240?
8
What is the ten millions digit of 5770623970?
7
What is the hundred millions digit of 180257201?
1
What is the tens digit of 1090366501?
0
What is the hundred millions digit of 5126089655?
1
What is the ten thousands digit of 37979551?
7
What is the ten thousands digit of 162245286?
4
What is the ten thousands digit of 510291439?
9
What is the ten thousands digit of 6770977232?
7
What is the ten thousands digit of 1705786378?
8
What is the ten millions digit of 118899478?
1
What is the hundred thousands digit of 197736668?
7
What is the units digit of 5523474?
4
What is the thousands digit of 45977379?
7
What is the millions digit of 487317934?
7
What is the thousands digit of 11102287?
2
What is the units digit of 454235262?
2
What is the millions digit of 299752714?
9
What is the units digit of 37045232?
2
What is the ten millions digit of 240206068?
4
What is the hundreds digit of 22292081?
0
What is the millions digit of 64819127?
4
What is the units digit of 43644496?
6
What is the units digit of 968361129?
9
What is the hundred millions digit of 238126023?
2
What is the thousands digit of 65304038?
4
What is the units digit of 6837215901?
1
What is the ten thousands digit of 324735399?
3
What is the ten millions digit of 63615739?
6
What is the hundreds digit of 80785278?
2
What is the units digit of 3853225844?
4
What is the ten thousands digit of 126139116?
3
What is the millions digit of 28301356?
8
What is the hundred millions digit of 280541226?
2
What is the tens digit of 7704282602?
0
What is the units digit of 133361512?
2
What is the hundred millions digit of 203465774?
2
What is the thousands digit of 1881588265?
8
What is the units digit of 255856398?
8
What is the units digit of 273757097?
7
What is the tens digit of 41106281?
8
What is the tens digit of 71619961?
6
What is the millions digit of 75116142?
5
What is the millions digit of 38134968?
8
What is the hundreds digit of 3006623925?
9
What is the tens digit of 912289881?
8
What is the thousands digit of 48744307?
4
What is the thousands digit of 44564412?
4
What is the ten millions digit of 139228878?
3
What is the ten millions digit of 128113569?
2
What is the thousands digit of 38904236?
4
What is the units digit of 1541491510?
0
What is the units digit of 8226292?
2
What is the ten millions digit of 109282816?
0
What is the hundred thousands digit of 2701224756?
2
What is the hundreds digit of 161311895?
8
What is the tens digit of 24189985?
8
What is the units digit of 313741515?
5
What is the ten millions digit of 208815400?
0
What is the hundreds digit of 221049778?
7
What is the tens digit of 21156746?
4
What is the hundreds digit of 1518360448?
4
What is the ten thousands digit of 20871569?
7
What is the ten millions digit of 31283336?
3
What is the ten millions digit of 108611576?
0
What is the millions digit of 42433915?
2
What is the millions digit of 690651534?
0
What is the millions digit of 5789508342?
9
What is the hundreds digit of 120296344?
3
What is the hundred thousands digit of 189409435?
4
What is the hundreds digit of 65837718?
7
What is the ten thousands digit of 22207335?
0
What is the hundreds digit of 269540187?
1
What is the millions digit of 612931874?
2
What is the ten millions digit of 1747457630?
4
What is the hundreds digit of 1153570757?
7
What is the thousands digit of 22432619?
2
What is the thousands digit of 119548024?
8
What is the units digit of 134693081?
1
What is the thousands digit of 277086731?
6
What is the hundred thousands digit of 59533202?
5
What is the hundreds digit of 958110563?
5
What is the hundred thousands digit of 931185259?
1
What is the thousands digit of 51988709?
8
What is the units digit of 11857242?
2
What is the hundred millions digit of 2845849393?
8
What is the hundred millions digit of 778611335?
7
What is the units digit of 35166255?
5
What is the units digit of 73709253?
3
What is the thousands digit of 440561596?
1
What is the ten millions digit of 264663211?
6
What is the tens digit of 918265891?
9
What is the units digit of 224760059?
9
What is the hundred thousands digit of 94486652?
4
What is the hundreds digit of 108028540?
5
What is the units digit of 62761787?
7
What is the ten millions digit of 3952859247?
5
What is the ten millions digit of 117804193?
1
What is the hundred thousands digit of 3639886156?
8
What is the ten millions digit of 4725189362?
2
What is the billions digit of 1973915225?
1
What is the hundred millions digit of 612523972?
6
What is the hundred millions digit of 126306832?
1
What is the hundred millions digit of 1122494311?
1
What is the units digit of 49808586?
6
What is the units digit of 960296?
6
What is the thousands digit of 289156336?
6
What is the tens digit of 2760458157?
5
What is the thousands digit of 88071734?
1
What is the units digit of 169418931?
1
What is the tens digit of 562825500?
0
What is the ten thousands digit of 5397109563?
0
What is the thousands digit of 316800647?
0
What is the hundred millions digit of 701800714?
7
What is the tens digit of 1501871845?
4
What is the thousands digit of 40491727?
1
What is the millions digit of 272221043?
2
What is the ten thousands digit of 16612906?
1
What is the tens digit of 52825058?
5
What is the hundreds digit of 263385653?
6
What is the millions digit of 964880966?
4
What is the tens digit of 772518314?
1
What is the ten millions digit of 23253103?
2
What is the ten thousands digit of 502251480?
5
What is the tens digit of 279441602?
0
What is the units digit of 186805076?
6
What is the ten millions digit of 101851553?
0
What is the ten millions digit of 540971474?
4
What is the ten millions digit of 773970735?
7
What is the hundred thousands digit of 658865109?
8
What is the units digit of 55860742?
2
What is the hundreds digit of 118097512?
5
What is the hundred thousands digit of 11021626?
0
What is the thousands digit of 2577646?
7
What is the hundred thousands digit of 36592199?
5
What is the units digit of 4143480429?
9
What is the units digit of 291181941?
1
What is the tens digit of 80640180?
8
What is the units digit of 112238106?
6
What is the millions digit of 162783941?
2
What is the hundred thousands digit of 77526190?
5
What is the hundred thousands digit of 1686447507?
4
What is the thousands digit of 8887395?
7
What is the thousands digit of 7524819512?
9
What is the hundreds digit of 43446629?
6
What is the hundreds digit of 43752554?
5
What is the ten thousands digit of 6416796163?
9
What is the ten thousands digit of 5218021984?
2
What is the ten millions digit of 376265656?
7
What is the thousands digit of 85779224?
9
What is the units digit of 44461086?
6
What is the ten thousands digit of 37165139?
6
What is the units digit of 51122766?
6
What is the hundred thousands digit of 257454409?
4
What is the millions digit of 47469113?
7
What is the units digit of 244368087?
7
What is the units digit of 45359580?
0
What is the ten thousands digit of 253124428?
2
What is the ten thousands digit of 46369063?
6
What is the billions digit of 2866913764?
2
What is the ten thousands digit of 1739